t is -12a020b + 58?
-12a0183
In base 11, what is -165 - -14787?
14622
In base 13, what is 3a116792 - 5?
3a11678a
In base 11, what is -71a941 + -7?
-71a948
In base 9, what is -3 - 1580216?
-1580220
In base 9, what is -47167746 + -5?
-47167752
In base 11, what is 77a0778 + 5?
77a0782
In base 2, what is 10101 - 1000100100110110010?
-1000100100110011101
In base 7, what is -21433 - 206165?
-230631
In base 2, what is 0 - -10001100010000000100100?
10001100010000000100100
In base 14, what is -13 - 2c65d?
-2c672
In base 9, what is -2 + -852558?
-852561
In base 13, what is -11a4 + -56978?
-57b4c
In base 4, what is -103023211 - 200100?
-103223311
In base 10, what is 526090 + 3?
526093
In base 16, what is -147 - -eed0?
ed89
In base 5, what is 3400202 - -14003?
3414210
In base 12, what is 0 - 12539b11?
-12539b11
In base 14, what is b59d - -5?
b5a4
In base 14, what is 1426b908 + -3?
1426b905
In base 10, what is 3689468 + -134?
3689334
In base 4, what is 10 - 31021131000?
-31021130330
In base 10, what is -784 - -21932?
21148
In base 11, what is 15 + -28aa22?
-28aa08
In base 5, what is -102 - 142143331?
-142143433
In base 5, what is -23 - 13104224?
-13104302
In base 11, what is 2 + -25a85?
-25a83
In base 10, what is -4 - -792286?
792282
In base 10, what is -462464 + 17?
-462447
In base 15, what is -a7b92 + -c?
-a7b9e
In base 8, what is 70202332 + 2?
70202334
In base 13, what is -1bc + -15b15?
-16004
In base 13, what is -311229 + -14?
-311240
In base 8, what is 57360 - 1217?
56141
In base 2, what is 111001111101111110 - -1000110100?
111010000110110010
In base 10, what is -343967 - 1?
-343968
In base 7, what is -11101 + 62620?
51516
In base 5, what is 23310002444 + 10?
23310003004
In base 2, what is -11 - -101111101011110010001100?
101111101011110010001001
In base 14, what is -31 - 1baa4?
-1bad5
In base 5, what is -2304122 + -111?
-2304233
In base 9, what is 123 + -3700?
-3566
In base 16, what is 217640a - f?
21763fb
In base 5, what is -104431440300 + 1?
-104431440244
In base 16, what is -3 - a60403?
-a60406
In base 12, what is -2395 - a048?
-10421
In base 12, what is -134b + 18591?
17242
In base 15, what is -1a00bde - 26?
-1a00c15
In base 10, what is 246 - 124850?
-124604
In base 7, what is 11132452 + 33?
11132515
In base 3, what is -1111012012122002 + -200?
-1111012012122202
In base 8, what is 117554 + 10225?
130001
In base 16, what is d4a22c - -4?
d4a230
In base 5, what is -413040 - -1130001?
211411
In base 8, what is -621 - 103047?
-103670
In base 11, what is -a1843 - -292?
-a1561
In base 3, what is -1001211002120 - 12?
-1001211002202
In base 8, what is 55405714 - 23?
55405671
In base 8, what is -62022 - 140714?
-222736
In base 15, what is -64 - -1a710?
1a69b
In base 3, what is -1002 - 1000221111?
-1000222120
In base 4, what is -10 - -1303311002320?
1303311002310
In base 5, what is -30021120244 + 0?
-30021120244
In base 7, what is 61026052 - 3?
61026046
In base 3, what is -1220011 - 1011002?
-10001020
In base 13, what is -25b + -53b?
-799
In base 9, what is 333827610 - -6?
333827616
In base 10, what is -27 - 7825015?
-7825042
In base 2, what is -10011101000100010101111010 + 101010?
-10011101000100010101010000
In base 6, what is 10 - 120003423?
-120003413
In base 6, what is 2 + 41045222?
41045224
In base 2, what is 11111111101000101100111 + -10?
11111111101000101100101
In base 9, what is -5 + -83143372?
-83143377
In base 16, what is -4dec - -16a1?
-374b
In base 4, what is 10200 - 212100203?
-212030003
In base 12, what is 157bb05 + 0?
157bb05
In base 5, what is 110321003334 - 2?
110321003332
In base 11, what is -1331851a1 + 3?
-133185199
In base 8, what is 5062 - -3105?
10167
In base 14, what is -2c283 + -228?
-2c4ab
In base 11, what is 78 + 182585?
182652
In base 10, what is 28996 - 52?
28944
In base 6, what is 5054524023 - 3?
5054524020
In base 8, what is 152652 + 35125?
207777
In base 4, what is -112332132031031 + -10?
-112332132031101
In base 15, what is 4 - -65705?
65709
In base 11, what is 24 + 358829?
358852
In base 11, what is -30198407 - 6?
-30198412
In base 8, what is -245244636 - -4?
-245244632
In base 2, what is 10101 + -101001110101110011111?
-101001110101110001010
In base 13, what is 50a1080 - -5?
50a1085
In base 15, what is 96a52 + 4?
96a56
In base 14, what is -5 - 9447743?
-9447748
In base 9, what is 4531626 + -8?
4531617
In base 5, what is -23 - 241300100?
-241300123
In base 6, what is -230312 - 1112052?
-1342404
In base 2, what is 10000 - -10101100010001110001?
10101100010010000001
In base 12, what is 462a612 + 5?
462a617
In base 13, what is 6a400 + 395?
6a795
In base 5, what is 223424 + -1013424?
-240000
In base 13, what is 0 + -16569bb?
-16569bb
In base 2, what is -11011010111101011001 + -100010010?
-11011011000001101011
In base 10, what is 15602 - -517?
16119
In base 14, what is a4 - -2dda7?
3006b
In base 5, what is 344 + 1111004101?
1111010000
In base 5, what is 10210 + 4232?
14442
In base 12, what is 68 - -b982?
ba2a
In base 11, what is -243a5214 + 3?
-243a5211
In base 16, what is 2646ddd + -2?
2646ddb
In base 4, what is 12123101331 - -11?
12123102002
In base 13, what is -b989a611 + -4?
-b989a615
In base 5, what is -100132 + -22230?
-122412
In base 4, what is -303130 - 100113333?
-101023123
In base 6, what is 14 - 11013212?
-11013154
In base 16, what is -11a2704 - -29?
-11a26db
In base 10, what is 3 - 5031013?
-5031010
In base 3, what is -100102011110010222 - 12?
-100102011110011011
In base 2, what is 101 + -1010000000101001111001000?
-1010000000101001111000011
In base 13, what is -2a997 + -550?
-2b217
In base 2, what is 11 + -1101111101010101010000?
-1101111101010101001101
In base 8, what is 16 + 1130217?
1130235
In base 16, what is -6 - -9ed5cb?
9ed5c5
In base 11, what is -1802783 - -5?
-1802779
In base 4, what is -123 + 1030201?
1030012
In base 12, what is 4 + -261b308?
-261b304
In base 16, what is 3 - 92878d2?
-92878cf
In base 4, what is -3 - 321013100022?
-321013100031
In base 16, what is -17 + 28cc4a?
28cc33
In base 5, what is -3040 + -3134423?
-3143013
In base 14, what is 34180 + 2473?
36613
In base 15, what is 13ad7aa + 4?
13ad7ae
In base 14, what is 1401 + -207?
11d8
In base 6, what is -5 + 124415424?
124415415
In base 4, what is 21233322330001 - 10?
21233322323331
In base 7, what is -3 - -1312665241?
1312665235
In base 3, what is -22 - 1202012002101110?
-1202012002101202
In base 9, what is 8101124 + 12?
8101136
In base 15, what is -3 - 50aeda?
-50aedd
In base 13, what is 37572c2 - -8?
37572ca
In base 11, what is -248002a + 3?
-2480027
In base 12, what is 12a1511 - 58?
12a1475
In base 9, what is 16605543 - -41?
16605584
In base 3, what is -2002121 + -2121111?
-11201002
In base 11, what is 1869 + 6055?
7913
In base 10, what is 117 - -67312?
67429
In base 9, what is -3045814804 + 1?
-3045814803
In base 13, what is 12729 - -a25?
13451
In base 6, what is 22312414 - -102?
22312520
In base 16, what is -2 + -124066e?
-1240670
In base 6, what is 330053 + -243?
325410
In base 4, what is -1020 - 330122303?
-330123323
In base 7, what is 423221441 - -1?
423221442
In base 3, what is -110021110 - -220121212?
110100102
In base 16, what is 3609f + -4?
3609b
In base 10, what is 1209 + -57908?
-56699
In base 13, what is 136c7ca9 - 5?
136c7ca4
In base 11, what is 234833 + 2?
234835
In base 14, what is -6bb65d + 8?
-6bb655
In base 3, what is -20000002200221 + -10211?
-20000002211202
In base 10, what is 2 - 5870372?
-5870370
In base 5, what is 221044113 - -140?
221044303
In base 3, what is 10012112 + -20220220010?
-20210200121
In base 14, what is -14ad - -1255?
-258
In base 5, what is -11233 - 211042?
-222330
In base 5, what is 4344133424 + 42?
4344134021
In base 2, what is 101 + -10100110111000011111000000?
-10100110111000011110111011
In base 15, what is aa - -1830?
18da
In base 11, what is -3 - -31261302?
312612aa
In base 10, what is -49 + -8231604?
-8231653
In base 5, what is 1011214402122 - 10?
1011214402112
In base 2, what is -1100110111101010011010101111 - 11?
-1100110111101010011010110010
In base 5, what is 0 - 1300213141?
-1300213141
In base 10, what is -3925 + 2447?
-1478
In base 7, what is 1162662055 - 5?
1162662050
In base 11, what is -53664238 + 3?
-53664235
In base 5, what is -110 + -442420322?
-442420432
In base 8, what is 62433 